t, -37 = 5*w - 3*t. Let o = w - -8. What are the prime factors of o?
3
Let n be 6/18 + (-220)/(-6). Suppose 39 = 4*b - n. List the prime factors of b.
19
Let f be (-2)/(-10) + 54/30. Suppose -4 = -4*v, f*g + 5*v = g + 7. What are the prime factors of g?
2
Suppose 0 = -3*j - 4*h + 149, -h = -j - j + 81. List the prime factors of j.
43
Suppose -3*a + 108 = i, 3*a = -a - 3*i + 144. What are the prime factors of a?
2, 3
Suppose 4*i - 233 = 207. List the prime factors of i.
2, 5, 11
Suppose -8 = -5*l + 7. Suppose -l = y + 2. Let h = 11 + y. What are the prime factors of h?
2, 3
Suppose 0*y = -3*y + 24. Let r be (-11)/(-5) - 4/20. List the prime factors of y - 3 - r - -6.
3
Let l(p) = p**3 - 3*p**2 + 3*p. Let t be l(2). Suppose -3*i - 8 = 2*d, -d - d = -t*i - 12. What are the prime factors of -2*(-1)/(i/(-22))?
11
Let x(z) = 31*z - 1. Let y be ((-2)/(-4))/(2/4). Let t be x(y). Suppose 3*b - 3*c - t = 0, 2*b + 5*c - 10 = 3*b. List the prime factors of b.
3, 5
Let i(l) = -2*l**3 - 3*l**2 + 4*l. What are the prime factors of i(-3)?
3, 5
Suppose -23 - 6 = -n. What are the prime factors of n?
29
Let l = 171 + -19. List the prime factors of l.
2, 19
Let f be ((-12)/10)/((-2)/(-10)). Let s be (-8 - f)/(1 + -3). What are the prime factors of s*2 - (1 - 16)?
17
Let p = 84 - 54. List the prime factors of p.
2, 3, 5
Let j(n) = 3*n**3 + 18*n**2 - 29*n - 12. Let v(s) = s**3 + 6*s**2 - 10*s - 4. Let g(f) = -4*j(f) + 11*v(f). What are the prime factors of g(-7)?
11
Let v(x) = x**3 - 8*x**2 + 6*x + 10. Let a be v(7). Suppose -3*n = -5*n + 2. Let g = n + a. List the prime factors of g.
2
Suppose 3*i + 0*v + 19 = -2*v, i + 2*v = -13. Let c be (-13 - 2)*1/i. Suppose -c*q + 72 - 22 = 0. What are the prime factors of q?
2, 5
Suppose -17 = -3*p - 2. Suppose 5*t + 4 - p = 2*q, 5*q - 55 = t. List the prime factors of q.
2, 3
Suppose -4*o + 1878 = o + u, 366 = o - 3*u. List the prime factors of o.
3, 5
Suppose -7*k = -3*k - 28. What are the prime factors of k?
7
Let x(q) = 4*q**2 - 2*q - 2. Let n be x(-1). Suppose -97 + 1 = -n*m. List the prime factors of m.
2, 3
Let d = -13 - -39. Suppose 0 = -3*u + 25 + d. List the prime factors of u.
17
Suppose 2*n = -0*n - l + 7, 0 = 5*l - 5. Suppose -2*w - n*x + 29 = -6*x, x = -5. Suppose -3 - w = -5*s. What are the prime factors of s?
2
What are the prime factors of ((-921)/(-9) - 4) + (-1)/3?
2, 7
Suppose -4 = -o, -54 = -4*a - 3*o + 250. What are the prime factors of a?
73
Let m = 11 + -25. What are the prime factors of 2 - 3 - (m - -1)?
2, 3
Let g = 16 - 14. Suppose 2*u = -g*w + 20, -3*w + 5*u + 4 = -2. What are the prime factors of w?
7
Let i = 87 - -151. List the prime factors of i.
2, 7, 17
Let p be 18/(3 - (-2)/(-2)). Let w = p - -37. What are the prime factors of w?
2, 23
Let v = 6 + 16. Suppose -19*y - 27 = -v*y. What are the prime factors of y?
3
Suppose -2*f = -0*f. Suppose -2*a + 34 = -f*a. List the prime factors of a.
17
Let i = -4 - 0. Let b be 1/2*4 - i. Let r = -4 + b. What are the prime factors of r?
2
Let y(r) = -13*r**3. Suppose c = -0*c - 1. List the prime factors of y(c).
13
Let g = 22 + -15. Suppose -t + g*s - 4*s = -37, t - 21 = -s. Suppose 2*o + 0*o = -4*b - 4, 4*o - t = 3*b. List the prime factors of o.
2
Let i(a) = 15*a - 42. What are the prime factors of i(17)?
3, 71
Suppose 5*j + 12 = 2*y, 4*j - 15 - 15 = -5*y. Let c(g) = g + 2. List the prime factors of c(y).
2
What are the prime factors of (7/(-14))/(4/(-536))?
67
Let b(h) = 2*h**2 - 15*h. What are the prime factors of b(14)?
2, 7, 13
Let g(w) = w**3 - 6*w**2 - 6*w + 8. Let v = 2 + 5. What are the prime factors of g(v)?
3, 5
Suppose -3*u + 9 = -y, -4*u + 9*u + 5*y = -5. What are the prime factors of u?
2
What are the prime factors of -2 + (7/(7/60))/1?
2, 29
Suppose 5*a + 0*n = -4*n + 30, -2*n + 30 = 4*a. Suppose -a = 4*z - 74. List the prime factors of z.
2
Let z(b) = 41*b + 1. List the prime factors of z(1).
2, 3, 7
Suppose 0 + 12 = -3*q. Let i be ((-11)/q)/((-3)/(-12)). Let h = i - -1. What are the prime factors of h?
2, 3
Suppose -h + j + 5 = h, 0 = -h - 2*j - 10. Suppose 3*s = -h*s + 12. Suppose -s*d = -4*m + 56, 1 = -5*m - 3*d + 87. What are the prime factors of m?
2
Suppose n = -4 + 11. List the prime factors of n.
7
Let l(n) = 5*n - 2. Let k(b) = 20*b - 7. Let h(q) = 6*k(q) - 22*l(q). Let g be h(2). Let i = 32 - g. List the prime factors of i.
2, 5
Suppose 0 = -5*c - 3*u + 43 + 57, -2*c + 36 = 2*u. What are the prime factors of c?
23
Let a(b) = b**2 - 9*b - 2. Let u be a(8). What are the prime factors of 3/15 + (-38)/u?
2
What are the prime factors of -11*(-6 + -1) + (-9)/3?
2, 37
Let p be -2 + 14/(-2 + 4). Suppose -d - p = -21. Suppose 3*m + 2*n = 50, -5*n = -n - d. List the prime factors of m.
2, 7
Suppose h - 4*h = -2*n - 81, 0 = 2*h - 3*n - 54. What are the prime factors of h?
3
Suppose 3 = -2*m - 1, 5*a = -5*m. Suppose a*j - 4*r - 94 = -3*j, 4*r = -3*j + 50. List the prime factors of j.
2, 3
Let b(p) = 7*p**2 + 3*p + 3. Let g = -9 + 6. Let r be b(g). Suppose -7 = 5*v - r. List the prime factors of v.
2, 5
Let v be (3 + -2)/((-4)/4). Let f = 5 + v. List the prime factors of f.
2
Suppose 4*h - 5*g = 131, 3*h = g + g + 100. List the prime factors of h.
2, 17
Let u = -2 - -4. Suppose 19 = u*i - 5*a + 6, -5*i + 4*a = -24. Suppose i*x + 4*r - 24 = 0, 28 = 4*x - 0*r + 3*r. List the prime factors of x.
2, 5
Suppose k = 5*k - 272. What are the prime factors of k?
2, 17
List the prime factors of (-3)/(-6)*-4 - -214 - 1.
211
Let b(f) = f**3 + 9*f**2 + 8*f - 4. Let d be b(-8). Suppose 23 = 4*q + n, n + 9 = q - 2*n. List the prime factors of q/d*32/(-6).
2
Let s(n) be the first derivative of 1 - 2*n - 3/2*n**2. What are the prime factors of s(-3)?
7
Suppose 0 = -a + k + 64, 2*k + 311 = a + 4*a. List the prime factors of a.
61
List the prime factors of (164/(-6))/((-10)/15).
41
Let u = 6 - 7. Let f(h) = h**2 - 1 + 0*h**2 + 10*h**2. What are the prime factors of f(u)?
2, 5
Suppose 0 = -3*h + o + 9, h = -o + 4*o + 3. Suppose 12 = -h*v + 90. List the prime factors of v.
2, 13
Let n = -8 + 15. Let i = 21 - n. What are the prime factors of i?
2, 7
Let g(x) = -5*x - 2. Let t(o) = 3*o + 1. Let y be 5 + -4 + 2/1. Let n(k) = y*g(k) + 7*t(k). List the prime factors of n(1).
7
Suppose -4*y = y + 30. What are the prime factors of 2/y + 56/6?
3
Let d = 32 - 47. Let b be 1*d/((-3)/1). Suppose -b = 5*s - 35. What are the prime factors of s?
2, 3
Let m(i) = -2*i**2 - i. Let a be m(3). List the prime factors of (-2 - a/9)*30.
2, 5
Let o = -10 - -21. List the prime factors of o.
11
Let y = 2 - 2. Suppose 5*t = 2*t. Suppose t = 5*r - y*r - 55. List the prime factors of r.
11
Let z = -6 + -13. Let l = z + 30. List the prime factors of l.
11
Let s(i) = 204*i**3 - i**2 + 4*i - 3. List the prime factors of s(1).
2, 3, 17
Suppose -8*f + 11 = -7*f. Let v = 2 + f. List the prime factors of v.
13
Let t = -115 + 59. What are the prime factors of (t/10)/(14/(-35))?
2, 7
Suppose 0 = -2*d - 2*d - 4. Let t = d + 5. What are the prime factors of t?
2
Suppose 5*w + 4*o = -0*o + 339, 71 = w + 4*o. Let b = -27 + w. List the prime factors of b.
2, 5
What are the prime factors of ((-423)/(-12)*1)/((-3)/(-8))?
2, 47
Let a(m) be the second derivative of -m**5/5 - m**4/6 - m**3/6 - m. Let o be a(-1). List the prime factors of 26/o + 4/12.
3
Suppose 59 = 2*g + 3. Suppose n = 5 + g. What are the prime factors of n?
3, 11
Suppose -8*d - 514 = -1458. What are the prime factors of d?
2, 59
Suppose -46 = -2*g - 5*w + 18, 4*w = 0. Let q = 50 - g. List the prime factors of q.
2, 3
Let b(x) = x**3 - 7*x**2 - 2*x - 11. List the prime factors of b(8).
37
Let i be (36/4)/(6/8). Suppose i = 2*n - k, n + 5*k - 2 = 15. List the prime factors of n.
7
Let s = -6 - -9. Suppose 2*y - 110 = -s*y. List the prime factors of y.
2, 11
Suppose 0*c + 4 = c. What are the prime factors of c?
2
Let g be 1/2*0/(-1). Suppose -3*l = -g*l - 15. What are the prime factors of l?
5
Let x = 77 - 42. What are the prime factors of x?
5, 7
Let k = 20 + 52. Let r = k - 43. List the prime factors of r.
29
Let v(g) = 4*g**3 + 2*g + 1. Let w(d) = 9*d**3 + 2 + 4*d + 3 - 2 - 1. Let f(i) = 7*v(i) - 4*w(i). What are the prime factors of f(-1)?
3
Suppose -7 = 5*s - f, -3*s - f - 5 = -2*f. Let q be -1*(s + 1 + -74). What are the prime factor